{"id":86,"date":"2022-04-28T09:39:50","date_gmt":"2022-04-28T09:39:50","guid":{"rendered":"https:\/\/serranopark.es\/?page_id=86"},"modified":"2022-11-05T16:09:09","modified_gmt":"2022-11-05T16:09:09","slug":"privacidad-y-cookies","status":"publish","type":"page","link":"https:\/\/serranopark.es\/index.php\/privacidad-y-cookies\/","title":{"rendered":"Privacidad y Cookies"},"content":{"rendered":"<p>[et_pb_section fb_built=\u00bb1&#8243; _builder_version=\u00bb4.18.1&#8243; _module_preset=\u00bbdefault\u00bb global_colors_info=\u00bb{}\u00bb theme_builder_area=\u00bbpost_content\u00bb][et_pb_row _builder_version=\u00bb4.18.1&#8243; _module_preset=\u00bbdefault\u00bb global_colors_info=\u00bb{}\u00bb theme_builder_area=\u00bbpost_content\u00bb][et_pb_column type=\u00bb4_4&#8243; _builder_version=\u00bb4.18.1&#8243; _module_preset=\u00bbdefault\u00bb global_colors_info=\u00bb{}\u00bb theme_builder_area=\u00bbpost_content\u00bb][et_pb_text _builder_version=\u00bb4.18.1&#8243; _module_preset=\u00bbdefault\u00bb hover_enabled=\u00bb0&#8243; global_colors_info=\u00bb{}\u00bb theme_builder_area=\u00bbpost_content\u00bb sticky_enabled=\u00bb0&#8243;]<\/p>\n<h1>PUBLICIDAD Y COOKIES<\/h1>\n<p>[\/et_pb_text][\/et_pb_column][\/et_pb_row][et_pb_row _builder_version=\u00bb4.18.1&#8243; _module_preset=\u00bbdefault\u00bb global_colors_info=\u00bb{}\u00bb theme_builder_area=\u00bbpost_content\u00bb][et_pb_column type=\u00bb4_4&#8243; _builder_version=\u00bb4.18.1&#8243; _module_preset=\u00bbdefault\u00bb global_colors_info=\u00bb{}\u00bb theme_builder_area=\u00bbpost_content\u00bb][et_pb_text _builder_version=\u00bb4.18.1&#8243; _module_preset=\u00bbdefault\u00bb hover_enabled=\u00bb0&#8243; global_colors_info=\u00bb{}\u00bb theme_builder_area=\u00bbpost_content\u00bb sticky_enabled=\u00bb0&#8243;]<\/p>\n<p><strong>Informaci\u00f3n sobre Protecci\u00f3n de Datos<\/strong><\/p>\n<p>La presente Pol\u00edtica de Privacidad regula el tratamiento de los datos recabados por parte de Serranopark S.A. (en adelante, la SOCIEDAD) a trav\u00e9s del presente Sitio Web. La presente Pol\u00edtica forma parte integrante del Aviso Legal.<\/p>\n<p>El Usuario garantiza que los datos aportados son verdaderos, exactos, completos y actualizados, siendo responsable de cualquier da\u00f1o o perjuicio, directo o indirecto, que pudiera ocasionarse como consecuencia del incumplimiento de tal obligaci\u00f3n.<\/p>\n<p>En el caso de que los datos aportados permitieran identificar a un tercero, el Usuario garantiza expresamente que ha informado a dicho tercero acerca de las finalidades de la puesta de sus datos a disposici\u00f3n de la SOCIEDAD y que ha obtenido su consentimiento para ello.<\/p>\n<p>Respecto de los datos personales solicitados a trav\u00e9s de los formularios habilitados, ser\u00e1 necesario que el Usuario aporte, al menos, aquellos marcados con un asterisco, ya que, si no se suministraran estos datos considerados necesarios, la SOCIEDAD no podr\u00e1 aceptar y gestionar su solicitud.<\/p>\n<p><strong>\u00bfQui\u00e9n es el responsable del tratamiento de los datos personales del Usuario?<\/strong><\/p>\n<p><span>Identidad: Serranopark S.A.<\/span><br \/><span>Direcci\u00f3n postal: C\/ Serrano 72<\/span><br \/><span>Tel\u00e9fono: 91 436 20 85<\/span><br \/><span>Correo electr\u00f3nico: info@serranopark.es<\/span><\/p>\n<p><strong>\u00bfCon qu\u00e9 finalidad tratamos los datos personales del Usuario?<\/strong><\/p>\n<p>Los datos personales que sean recabados a trav\u00e9s del Sitio Web se incorporar\u00e1n a ficheros titularidad de la SOCIEDAD con la finalidad de gestionar los Usuarios y atender sus solicitudes y consultas.<\/p>\n<p>En mayor detalle, la SOCIEDAD podr\u00e1 tratar sus datos con las siguientes finalidades:<\/p>\n<ul>\n<li>Gesti\u00f3n de los Usuarios registrados en nuestra web.<\/li>\n<li>Gesti\u00f3n y tramitaci\u00f3n de consultas, solicitudes, sugerencias o reclamaciones.<\/li>\n<li>S\u00f3lo en los casos en los que usted lo solicite, env\u00edo de informaci\u00f3n relativa a nuestras tarifas y precios.<\/li>\n<\/ul>\n<p><strong>\u00bfA qu\u00e9 destinatarios se comunicar\u00e1n sus datos?<\/strong><\/p>\n<p>La SOCIEDAD le informa que sus datos ser\u00e1n comunicados \u00fanicamente a los siguientes destinatarios:<\/p>\n<ul>\n<li>Ayuntamiento de Madrid.<\/li>\n<li>Agencia Estatal Tributaria.<\/li>\n<li>Notarios y Registros.<\/li>\n<li>Sociedades del Grupo Ferrovial y Grupo ACS para el cumplimiento de los mismos fines informados. Son sociedades del Grupo Ferrovial y Grupo ACS, todas aquellas sociedades o entidades que aparecen enumeradas en la memoria de las \u00faltimas cuentas anuales consolidadas publicadas en las p\u00e1ginas web<span>\u00a0<\/span><a href=\"https:\/\/www.ferrovial.com\/\" target=\"_blank\" rel=\"noopener\">www.ferrovial.com<\/a><span>\u00a0<\/span>y<span>\u00a0<\/span><a href=\"https:\/\/www.grupoacs.com\/\" target=\"_blank\" rel=\"noopener\">www.grupoacs.com<\/a>, respectivamente. Las sociedades del Grupo Ferrovial se dedican fundamentalmente a las siguientes actividades: (i) construcci\u00f3n, (ii) gesti\u00f3n de infraestructuras de transporte y aeropuertos, (iii) inmobiliaria y (iv) servicios. Por su parte, las sociedades que constituyen el grupo ACS basan su actividad en la (i) construcci\u00f3n de obra civil, edificaci\u00f3n y miner\u00eda (ii) servicios industriales y (iii) servicios.<\/li>\n<\/ul>\n<p><strong>\u00bfC\u00f3mo hemos obtenido sus datos?<\/strong><\/p>\n<p>Los datos relativos a usted que tratar\u00e1 la SOCIEDAD son los que usted proporciones a trav\u00e9s del formulario que se encuentran en la web y los que, en su caso, se deriven de su relaci\u00f3n con la SOCIEDAD.<\/p>\n<p><strong>\u00bfCu\u00e1l es la legitimaci\u00f3n para el tratamiento de sus datos?<\/strong><\/p>\n<p>La base legal de los tratamientos que acaban de exponerse se basa en el consentimiento del Usuario, as\u00ed como, en la ejecuci\u00f3n del contrato que le une a la SOCIEDAD y el cumplimiento de obligaciones legales.<\/p>\n<p><strong>\u00bfPor cu\u00e1nto tiempo conservaremos sus datos?<\/strong><\/p>\n<p>Los datos se conservar\u00e1n durante el tiempo necesario para atender las consultas realizadas. Adicionalmente, sus datos podr\u00e1n ser conservados durante los plazos establecidos para cumplir con las obligaciones legales aplicables y durante el plazo de prescripci\u00f3n de las acciones legales, en su caso.<\/p>\n<p><strong>\u00bfCu\u00e1les son sus derechos cuando nos facilita sus datos?<\/strong><\/p>\n<p>La normativa aplicable en materia de protecci\u00f3n de datos, le otorga el ejercicio de derechos en relaci\u00f3n con el tratamiento que la SOCIEDAD lleva a cabo con sus datos personales, que son los siguientes:<\/p>\n<ul>\n<li>Derecho de acceso: conocer qu\u00e9 tipo de datos estamos tratando y las caracter\u00edsticas del tratamiento que estamos llevando a cabo.<\/li>\n<li>Derecho de rectificaci\u00f3n: poder solicitar la modificaci\u00f3n de sus datos por ser \u00e9stos inexactos o no veraces.<\/li>\n<li>Derecho de portabilidad: poder obtener una copia en un formato interoperable de los datos que est\u00e9n siendo tratados.<\/li>\n<li>Derecho a la limitaci\u00f3n del tratamiento en los casos recogidos en la Ley.<\/li>\n<li>Derecho de supresi\u00f3n: solicitar la supresi\u00f3n de sus datos cuando el tratamiento ya no resulte necesario.<\/li>\n<li>Derecho de oposici\u00f3n: usted podr\u00e1 oponerse a cualquier tratamiento que est\u00e9 justificado en el inter\u00e9s leg\u00edtimo de las partes.<\/li>\n<\/ul>\n<p>Para ejercitar los derechos en materia de protecci\u00f3n de datos, o revocar los consentimientos prestados, el Usuario puede dirigirse por escrito a Serranopark S.A., calle Serrano, 72, planta s\u00f3tano -1, Madrid-28001, indicando como referencia \u00abProtecci\u00f3n de Datos\u00bb e incluyendo su nombre, apellidos, copia de su DNI, un domicilio a efecto de notificaciones y el derecho que desea ejercitar.<\/p>\n<p>El Usuario podr\u00e1, en todo caso, presentar una reclamaci\u00f3n ante la Agencia Espa\u00f1ola de Protecci\u00f3n de Datos (<a href=\"https:\/\/www.agpd.es\/\" target=\"_blank\" rel=\"noopener\">www.agpd.es<\/a>), y especialmente cuando no haya obtenido satisfacci\u00f3n en el ejercicio de sus derechos.<\/p>\n<p>&nbsp;<\/p>\n<p><strong>POL\u00cdTICA DE COOKIES<\/strong><\/p>\n<p><strong>1. \u00bfQu\u00e9 son las cookies?<\/strong><\/p>\n<p>Una cookie es un peque\u00f1o fichero que se descarga en su terminal (ya sea un ordenador, tel\u00e9fono inteligente o tableta) cuando accede a una p\u00e1gina web y que permite al titular de la p\u00e1gina almacenar o recuperar informaci\u00f3n sobre aspectos de su navegaci\u00f3n.<\/p>\n<p>Desde SERRANOPARK queremos ofrecerle la informaci\u00f3n necesaria sobre las cookies utilizadas en nuestro Sitio Web, para que usted tenga plena capacidad de decisi\u00f3n sobre el uso de las mismas y con respecto a la protecci\u00f3n de su privacidad.<\/p>\n<p>&nbsp;<\/p>\n<p><strong>2. \u00bfQu\u00e9 cookies utiliza este Sitio Web?<\/strong><\/p>\n<p>En este Sitio Web se utilizan cookies con la finalidad de posibilitar, personalizar y analizar la navegaci\u00f3n, mejorando la calidad de los servicios ofrecidos a trav\u00e9s de este Sitio Web.<\/p>\n<p>Las cookies utilizadas se clasifican en varias categor\u00edas, si bien una cookie puede estar incluida en m\u00e1s de una categor\u00eda:<\/p>\n<p><strong>Cookies de sesi\u00f3n:<span>\u00a0<\/span><\/strong>son cookies temporales que no se almacenan en su terminal, sino que desaparecen cuando finaliza la sesi\u00f3n de navegaci\u00f3n.<\/p>\n<p><strong>Cookies persistentes:<span>\u00a0<\/span><\/strong>son aqu\u00e9llas que permiten que los datos permanezcan en su terminal y puedan ser tratados m\u00e1s all\u00e1 de la finalizaci\u00f3n de la sesi\u00f3n.<\/p>\n<p><strong>Cookies propias:<\/strong><span>\u00a0<\/span>son aqu\u00e9llas que se env\u00edan a su terminal desde nuestro Sitio Web, si bien algunas de ellas son proporcionadas por las herramientas WordPress y Google Analytics.<\/p>\n<p><strong>Cookies de tercera parte:<span>\u00a0<\/span><\/strong>son cookies que se env\u00edan a su terminal desde un dominio que no es gestionado por SERRANOPARK, sino por otra entidad que trata los datos obtenidos a trav\u00e9s de las cookies.<\/p>\n<p><strong>Cookies t\u00e9cnicas:<span>\u00a0<\/span><\/strong>son cookies que posibilitan la navegaci\u00f3n a trav\u00e9s de nuestro Sitio Web y la utilizaci\u00f3n de sus opciones o servicios, tales como las que permiten controlar el tr\u00e1fico y la comunicaci\u00f3n de datos, identificar la sesi\u00f3n, acceder a \u00e1reas de acceso restringido o utilizar elementos de seguridad durante la navegaci\u00f3n.<\/p>\n<p><strong>Cookies de personalizaci\u00f3n:<span>\u00a0<\/span><\/strong>son aqu\u00e9llas, que le permiten acceder a nuestro Sitio Web con algunas caracter\u00edsticas predefinidas en funci\u00f3n de criterios tales como el idioma, el tipo de navegador o la configuraci\u00f3n regional desde donde accede al servicio.<\/p>\n<p><strong>Cookies anal\u00edticas:<span>\u00a0<\/span><\/strong>son cookies utilizadas para el seguimiento y an\u00e1lisis del comportamiento de los usuarios. Este tipo de cookies nos permite medir la actividad en nuestro Sitio Web a trav\u00e9s de informaci\u00f3n agregada o de car\u00e1cter estad\u00edstico sobre los h\u00e1bitos de navegaci\u00f3n. En este Sitio Web se utilizan cookies anal\u00edticas, algunas de las cuales son proporcionadas por la herramienta Google Analytics (<a target=\"_blank\" href=\"https:\/\/www.google.com\/intl\/es_es\/policies\/technologies\/cookies\/\" rel=\"noopener\">https:\/\/www.google.com\/intl\/es_es\/policies\/technologies\/cookies\/<\/a>).<\/p>\n<p><strong>Cookies publicitarias:<span>\u00a0<\/span><\/strong>Son aqu\u00e9llas que permiten gestionar de la forma m\u00e1s eficaz posible la oferta de los espacios publicitarios que hay en una p\u00e1gina web, adecuando el contenido del anuncio al contenido del servicio solicitado o al uso que se realice de la p\u00e1gina web. Para ello se analizan los h\u00e1bitos de navegaci\u00f3n del usuario en Internet y se muestra publicidad relacionada con su perfil de navegaci\u00f3n. Terceros como Google Inc. pueden instalar este tipo de cookies (<a target=\"_blank\" href=\"https:\/\/www.google.com\/intl\/es_es\/policies\/technologies\/cookies\/\" rel=\"noopener\">https:\/\/www.google.com\/intl\/es_es\/policies\/technologies\/cookies\/<\/a>).<\/p>\n<p>&nbsp;<\/p>\n<p><strong>3. \u00bfQui\u00e9n utiliza las cookies?<\/strong><\/p>\n<p>La informaci\u00f3n que se recaba a trav\u00e9s de las cookies descargadas desde el dominio gestionado por SERRANOPARK, es utilizada por el titular del Sitio Web, SERRANOPARK y por Google Inc., en tanto prestador de los servicios de an\u00e1lisis y mapas web.<\/p>\n<p>&nbsp;<\/p>\n<p><strong>4. \u00bfC\u00f3mo puede gestionar las cookies?<\/strong><\/p>\n<p>En la primera visita a nuestro Sitio Web el usuario es informado de la existencia de cookies y de la presente Pol\u00edtica de Cookies. Si contin\u00faa navegando se entiende que consiente la instalaci\u00f3n de las cookies informadas.<\/p>\n<p>En futuras visitas a nuestro Sitio Web el usuario puede consultar la presente Pol\u00edtica desde el enlace habilitado al efecto. Si deseara retirar en cualquier momento su consentimiento en relaci\u00f3n con las cookies de nuestro Sitio Web, deber\u00e1 eliminar las cookies almacenadas en su terminal y modificar la configuraci\u00f3n de su navegador de Internet. No obstante, le informamos de que si impide la instalaci\u00f3n o elimina las cookies, algunas funcionalidades, servicios y contenidos de nuestro Sitio Web pueden verse afectados.<\/p>\n<p>Los navegadores de Internet permiten visualizar, desactivar, restringir, bloquear o eliminar las cookies. A continuaci\u00f3n se muestra c\u00f3mo puede configurar las cookies en los principales navegadores, si bien le recomendamos que consulte el Soporte o la Ayuda de su navegador para obtener informaci\u00f3n detallada y actualizada en funci\u00f3n de la versi\u00f3n de su navegador y el terminal utilizado.<\/p>\n<p>Internet Explorer Versi\u00f3n 7 y 8<\/p>\n<p><a href=\"http:\/\/windows.microsoft.com\/es-ES\/windows-vista\/Block-or-allow-cookies\" target=\"_blank\" rel=\"noopener\">http:\/\/windows.microsoft.com\/es-ES\/windows-vista\/Block-or-allow-cookies<\/a><\/p>\n<p>Internet Explorer Versi\u00f3n 9<\/p>\n<p><a href=\"http:\/\/windows.microsoft.com\/es-ES\/windows7\/How-to-manage-cookies-in-Internet-Explorer-9\" target=\"_blank\" rel=\"noopener\">http:\/\/windows.microsoft.com\/es-ES\/windows7\/How-to-manage-cookies-in-Internet-Explorer-9<\/a><\/p>\n<p>Safari \u2122 (iPhone, iPad, Mac y otros dispositivos Apple)<\/p>\n<p><a href=\"http:\/\/support.apple.com\/kb\/PH5042?viewlocale=es_ES\" target=\"_blank\" rel=\"noopener\">http:\/\/support.apple.com\/kb\/PH5042?viewlocale=es_ES<\/a><\/p>\n<p><a href=\"http:\/\/support.apple.com\/kb\/HT1677?viewlocale=es_ES\" target=\"_blank\" rel=\"noopener\">http:\/\/support.apple.com\/kb\/HT1677?viewlocale=es_ES<\/a><\/p>\n<p>Google\u2122<\/p>\n<p><a href=\"https:\/\/support.google.com\/chrome\/answer\/95647?hl=es&amp;hlrm=en\" target=\"_blank\" rel=\"noopener\">https:\/\/support.google.com\/chrome\/answer\/95647?hl=es&amp;hlrm=en<\/a><\/p>\n<p>Firefox\u2122<\/p>\n<p><a href=\"http:\/\/support.mozilla.org\/es\/kb\/cookies-informacion-que-los-sitios-web-guardan-en-?redirectlocale=en-US&amp;redirectslug=Cookies\" target=\"_blank\" rel=\"noopener\">http:\/\/support.mozilla.org\/es\/kb\/cookies-informacion-que-los-sitios-web-guardan-en-?redirectlocale=en-US&amp;redirectslug=Cookies<\/a><\/p>\n<p>Opera\u2122<\/p>\n<p><a href=\"http:\/\/help.opera.com\/Windows\/11.50\/es-ES\/cookies.html\" target=\"_blank\" rel=\"noopener\">http:\/\/help.opera.com\/Windows\/11.50\/es-ES\/cookies.html<\/a><\/p>\n<p>Android<\/p>\n<p><a href=\"http:\/\/support.google.com\/android\/?hl=es\" target=\"_blank\" rel=\"noopener\">http:\/\/support.google.com\/android\/?hl=es<\/a><\/p>\n<p>Windows Phone<\/p>\n<p><a href=\"http:\/\/www.windowsphone.com\/es-ES\/how-to\/wp7\/web\/changing-privacy-and-other-browser-settings\" target=\"_blank\" rel=\"noopener\">http:\/\/www.windowsphone.com\/es-ES\/how-to\/wp7\/web\/changing-privacy-and-other-browser-settings<\/a><\/p>\n<p>Blackberry<\/p>\n<p><a href=\"http:\/\/docs.blackberry.com\/en\/smartphone_users\/deliverables\/18578\/Turn_off_cookies_in_the_browser_60_1072866_11.jsp\" target=\"_blank\" rel=\"noopener\">http:\/\/docs.blackberry.com\/en\/smartphone_users\/deliverables\/18578\/Turn_off_cookies_in_the_browser_60_1072866_11.jsp<\/a><\/p>\n<p>Asimismo, le informamos de que algunos navegadores permiten activar un modo privado o inc\u00f3gnito de navegaci\u00f3n en virtud del cual las cookies se instalan en el terminal pero se eliminan de manera autom\u00e1tica cuando finaliza la sesi\u00f3n de navegaci\u00f3n.<\/p>\n<p>[\/et_pb_text][\/et_pb_column][\/et_pb_row][\/et_pb_section]<\/p>\n","protected":false},"excerpt":{"rendered":"<p>PUBLICIDAD Y COOKIESInformaci\u00f3n sobre Protecci\u00f3n de Datos La presente Pol\u00edtica de Privacidad regula el tratamiento de los datos recabados por parte de Serranopark S.A. (en adelante, la SOCIEDAD) a trav\u00e9s del presente Sitio Web. La presente Pol\u00edtica forma parte integrante del Aviso Legal. El Usuario garantiza que los datos aportados son verdaderos, exactos, completos y [&hellip;]<\/p>\n","protected":false},"author":1,"featured_media":0,"parent":0,"menu_order":0,"comment_status":"closed","ping_status":"open","template":"","meta":{"_et_pb_use_builder":"on","_et_pb_old_content":"<!-- wp:divi\/placeholder \/-->","_et_gb_content_width":"","footnotes":""},"class_list":["post-86","page","type-page","status-publish","hentry"],"yoast_head":"<!-- This site is optimized with the Yoast SEO plugin v27.5 - https:\/\/yoast.com\/product\/yoast-seo-wordpress\/ -->\n<title>Privacidad y Cookies - Serranopark<\/title>\n<meta name=\"robots\" content=\"index, follow, max-snippet:-1, max-image-preview:large, max-video-preview:-1\" \/>\n<link rel=\"canonical\" href=\"https:\/\/serranopark.es\/parking\/index.php\/privacidad-y-cookies\/\" \/>\n<meta property=\"og:locale\" content=\"es_ES\" \/>\n<meta property=\"og:type\" content=\"article\" \/>\n<meta property=\"og:title\" content=\"Privacidad y Cookies - Serranopark\" \/>\n<meta property=\"og:description\" content=\"PUBLICIDAD Y COOKIESInformaci\u00f3n sobre Protecci\u00f3n de Datos La presente Pol\u00edtica de Privacidad regula el tratamiento de los datos recabados por parte de Serranopark S.A. (en adelante, la SOCIEDAD) a trav\u00e9s del presente Sitio Web. La presente Pol\u00edtica forma parte integrante del Aviso Legal. El Usuario garantiza que los datos aportados son verdaderos, exactos, completos y [&hellip;]\" \/>\n<meta property=\"og:url\" content=\"https:\/\/serranopark.es\/parking\/index.php\/privacidad-y-cookies\/\" \/>\n<meta property=\"og:site_name\" content=\"Serranopark\" \/>\n<meta property=\"article:modified_time\" content=\"2022-11-05T16:09:09+00:00\" \/>\n<meta name=\"twitter:card\" content=\"summary_large_image\" \/>\n<meta name=\"twitter:label1\" content=\"Tiempo de lectura\" \/>\n\t<meta name=\"twitter:data1\" content=\"10 minutos\" \/>\n<script type=\"application\/ld+json\" class=\"yoast-schema-graph\">{\"@context\":\"https:\\\/\\\/schema.org\",\"@graph\":[{\"@type\":\"WebPage\",\"@id\":\"https:\\\/\\\/serranopark.es\\\/parking\\\/index.php\\\/privacidad-y-cookies\\\/\",\"url\":\"https:\\\/\\\/serranopark.es\\\/parking\\\/index.php\\\/privacidad-y-cookies\\\/\",\"name\":\"Privacidad y Cookies - Serranopark\",\"isPartOf\":{\"@id\":\"https:\\\/\\\/serranopark.es\\\/parking\\\/#website\"},\"datePublished\":\"2022-04-28T09:39:50+00:00\",\"dateModified\":\"2022-11-05T16:09:09+00:00\",\"breadcrumb\":{\"@id\":\"https:\\\/\\\/serranopark.es\\\/parking\\\/index.php\\\/privacidad-y-cookies\\\/#breadcrumb\"},\"inLanguage\":\"es\",\"potentialAction\":[{\"@type\":\"ReadAction\",\"target\":[\"https:\\\/\\\/serranopark.es\\\/parking\\\/index.php\\\/privacidad-y-cookies\\\/\"]}]},{\"@type\":\"BreadcrumbList\",\"@id\":\"https:\\\/\\\/serranopark.es\\\/parking\\\/index.php\\\/privacidad-y-cookies\\\/#breadcrumb\",\"itemListElement\":[{\"@type\":\"ListItem\",\"position\":1,\"name\":\"Portada\",\"item\":\"https:\\\/\\\/serranopark.es\\\/parking\\\/\"},{\"@type\":\"ListItem\",\"position\":2,\"name\":\"Privacidad y Cookies\"}]},{\"@type\":\"WebSite\",\"@id\":\"https:\\\/\\\/serranopark.es\\\/parking\\\/#website\",\"url\":\"https:\\\/\\\/serranopark.es\\\/parking\\\/\",\"name\":\"SERRANOPARK\",\"description\":\"Tu parking en el centro de Madrid\",\"publisher\":{\"@id\":\"https:\\\/\\\/serranopark.es\\\/parking\\\/#organization\"},\"potentialAction\":[{\"@type\":\"SearchAction\",\"target\":{\"@type\":\"EntryPoint\",\"urlTemplate\":\"https:\\\/\\\/serranopark.es\\\/parking\\\/?s={search_term_string}\"},\"query-input\":{\"@type\":\"PropertyValueSpecification\",\"valueRequired\":true,\"valueName\":\"search_term_string\"}}],\"inLanguage\":\"es\"},{\"@type\":\"Organization\",\"@id\":\"https:\\\/\\\/serranopark.es\\\/parking\\\/#organization\",\"name\":\"SERRANOPARK\",\"url\":\"https:\\\/\\\/serranopark.es\\\/parking\\\/\",\"logo\":{\"@type\":\"ImageObject\",\"inLanguage\":\"es\",\"@id\":\"https:\\\/\\\/serranopark.es\\\/parking\\\/#\\\/schema\\\/logo\\\/image\\\/\",\"url\":\"https:\\\/\\\/serranopark.es\\\/wp-content\\\/uploads\\\/2022\\\/04\\\/serrano_logo2.png\",\"contentUrl\":\"https:\\\/\\\/serranopark.es\\\/wp-content\\\/uploads\\\/2022\\\/04\\\/serrano_logo2.png\",\"width\":357,\"height\":141,\"caption\":\"SERRANOPARK\"},\"image\":{\"@id\":\"https:\\\/\\\/serranopark.es\\\/parking\\\/#\\\/schema\\\/logo\\\/image\\\/\"}}]}<\/script>\n<!-- \/ Yoast SEO plugin. -->","yoast_head_json":{"title":"Privacidad y Cookies - Serranopark","robots":{"index":"index","follow":"follow","max-snippet":"max-snippet:-1","max-image-preview":"max-image-preview:large","max-video-preview":"max-video-preview:-1"},"canonical":"https:\/\/serranopark.es\/parking\/index.php\/privacidad-y-cookies\/","og_locale":"es_ES","og_type":"article","og_title":"Privacidad y Cookies - Serranopark","og_description":"PUBLICIDAD Y COOKIESInformaci\u00f3n sobre Protecci\u00f3n de Datos La presente Pol\u00edtica de Privacidad regula el tratamiento de los datos recabados por parte de Serranopark S.A. (en adelante, la SOCIEDAD) a trav\u00e9s del presente Sitio Web. La presente Pol\u00edtica forma parte integrante del Aviso Legal. El Usuario garantiza que los datos aportados son verdaderos, exactos, completos y [&hellip;]","og_url":"https:\/\/serranopark.es\/parking\/index.php\/privacidad-y-cookies\/","og_site_name":"Serranopark","article_modified_time":"2022-11-05T16:09:09+00:00","twitter_card":"summary_large_image","twitter_misc":{"Tiempo de lectura":"10 minutos"},"schema":{"@context":"https:\/\/schema.org","@graph":[{"@type":"WebPage","@id":"https:\/\/serranopark.es\/parking\/index.php\/privacidad-y-cookies\/","url":"https:\/\/serranopark.es\/parking\/index.php\/privacidad-y-cookies\/","name":"Privacidad y Cookies - Serranopark","isPartOf":{"@id":"https:\/\/serranopark.es\/parking\/#website"},"datePublished":"2022-04-28T09:39:50+00:00","dateModified":"2022-11-05T16:09:09+00:00","breadcrumb":{"@id":"https:\/\/serranopark.es\/parking\/index.php\/privacidad-y-cookies\/#breadcrumb"},"inLanguage":"es","potentialAction":[{"@type":"ReadAction","target":["https:\/\/serranopark.es\/parking\/index.php\/privacidad-y-cookies\/"]}]},{"@type":"BreadcrumbList","@id":"https:\/\/serranopark.es\/parking\/index.php\/privacidad-y-cookies\/#breadcrumb","itemListElement":[{"@type":"ListItem","position":1,"name":"Portada","item":"https:\/\/serranopark.es\/parking\/"},{"@type":"ListItem","position":2,"name":"Privacidad y Cookies"}]},{"@type":"WebSite","@id":"https:\/\/serranopark.es\/parking\/#website","url":"https:\/\/serranopark.es\/parking\/","name":"SERRANOPARK","description":"Tu parking en el centro de Madrid","publisher":{"@id":"https:\/\/serranopark.es\/parking\/#organization"},"potentialAction":[{"@type":"SearchAction","target":{"@type":"EntryPoint","urlTemplate":"https:\/\/serranopark.es\/parking\/?s={search_term_string}"},"query-input":{"@type":"PropertyValueSpecification","valueRequired":true,"valueName":"search_term_string"}}],"inLanguage":"es"},{"@type":"Organization","@id":"https:\/\/serranopark.es\/parking\/#organization","name":"SERRANOPARK","url":"https:\/\/serranopark.es\/parking\/","logo":{"@type":"ImageObject","inLanguage":"es","@id":"https:\/\/serranopark.es\/parking\/#\/schema\/logo\/image\/","url":"https:\/\/serranopark.es\/wp-content\/uploads\/2022\/04\/serrano_logo2.png","contentUrl":"https:\/\/serranopark.es\/wp-content\/uploads\/2022\/04\/serrano_logo2.png","width":357,"height":141,"caption":"SERRANOPARK"},"image":{"@id":"https:\/\/serranopark.es\/parking\/#\/schema\/logo\/image\/"}}]}},"_links":{"self":[{"href":"https:\/\/serranopark.es\/index.php\/wp-json\/wp\/v2\/pages\/86","targetHints":{"allow":["GET"]}}],"collection":[{"href":"https:\/\/serranopark.es\/index.php\/wp-json\/wp\/v2\/pages"}],"about":[{"href":"https:\/\/serranopark.es\/index.php\/wp-json\/wp\/v2\/types\/page"}],"author":[{"embeddable":true,"href":"https:\/\/serranopark.es\/index.php\/wp-json\/wp\/v2\/users\/1"}],"replies":[{"embeddable":true,"href":"https:\/\/serranopark.es\/index.php\/wp-json\/wp\/v2\/comments?post=86"}],"version-history":[{"count":3,"href":"https:\/\/serranopark.es\/index.php\/wp-json\/wp\/v2\/pages\/86\/revisions"}],"predecessor-version":[{"id":202,"href":"https:\/\/serranopark.es\/index.php\/wp-json\/wp\/v2\/pages\/86\/revisions\/202"}],"wp:attachment":[{"href":"https:\/\/serranopark.es\/index.php\/wp-json\/wp\/v2\/media?parent=86"}],"curies":[{"name":"wp","href":"https:\/\/api.w.org\/{rel}","templated":true}]}}